 x(f) = -f**2 - f + 2. Let m be x(-4). What is the hundreds digit of (2 - (-2)/m)/(15/1275)?
1
Let h(w) = 2*w - 8. Let j be h(-2). What is the units digit of (j/18)/((-3)/54)?
2
Let u = -34 - -34. Suppose u = -2*g + x + 2*x + 104, -4*g + 2*x = -216. What is the tens digit of g?
5
Let k = 16 - 11. Let v(o) = o**3 - 4*o**2 + 7*o - 10. Let c(f) = -2*f**3 + 9*f**2 - 14*f + 19. Let s(b) = 4*c(b) + 7*v(b). What is the tens digit of s(k)?
4
Suppose 4*r = r + 48. Let w(d) = d**2 + d + 1. Let i(a) = -a**3 + 20*a**2 + 5*a + 24. Let h(t) = i(t) - 4*w(t). What is the units digit of h(r)?
6
Let x(o) = 14*o**2 - 19*o + 378. What is the units digit of x(12)?
6
Let a = 24 + -22. Let b(x) = 5*x - 24 + 3*x**2 + 17*x + x**2 - 5*x**a. What is the tens digit of b(17)?
6
Let s be (-3 + (3 - 1))*6. What is the tens digit of (-58)/s + 4/3?
1
Let i be (0 - (1 - 2)) + -8. Let k(d) be the third derivative of d**5/60 + 7*d**4/24 + d**3/3 + 3*d**2. What is the units digit of k(i)?
2
Let m(w) = w**3 + 8*w**2 + 8*w + 2. Suppose 3 = -3*v, -4*s - s + v - 19 = 0. What is the units digit of m(s)?
4
Suppose -5898 - 2000 = -11*s. What is the tens digit of s?
1
Suppose -44*u = -35*u - 7893. What is the hundreds digit of u?
8
What is the units digit of (-1)/((-11607)/2901 - -4) + -4?
3
Let h(c) be the second derivative of -23*c**3/6 - 19*c**2/2 - 41*c. What is the units digit of h(-5)?
6
Suppose -h = 0, 9*t - 2*h = 10*t - 83. What is the tens digit of t?
8
Suppose -5*l - 15 = 0, 0 = 4*a - 2*a + 2*l - 18. Let i = a - 10. What is the units digit of ((-25)/i)/(4/(-8))?
5
Suppose 0 = -4*m + 5388 - 760. What is the thousands digit of m?
1
Suppose -3*n + 4*n + 1 = 0. Let t = 4 + n. Suppose 0 = 5*s + 15, t*k + k - s - 111 = 0. What is the units digit of k?
7
Let q(b) = 2*b**3 - 2*b**2 - 5*b - 6. Let o be q(5). Let s = o + -117. What is the tens digit of s?
5
Let n be 4/20 + 2/(-10). What is the units digit of 3 + (-1 - n) + 74?
6
Suppose -56 = -3*u + 64. What is the tens digit of u?
4
Let w(i) = i + 17. Let q(j) = -3*j - 51. Let l(f) = 2*q(f) + 7*w(f). What is the tens digit of l(9)?
2
Suppose -3*o = -y - 15, o - 3*y = -0*o + 13. Suppose 0*s + 5*l = s - 28, -2*s + o*l = -50. What is the tens digit of s?
2
Let l(w) = -w**3 - 5*w**2 + 4. Let c be l(-5). Let p(q) = q**3 + 3*q**2 - 6*q. What is the units digit of p(c)?
8
Let v be 7 + 153 - (-1 + 12/3). Suppose t - 161 = -s, -t = -2*t - 5*s + v. What is the tens digit of t?
6
Let c = 1271 - 314. What is the tens digit of c?
5
Suppose 0*y + 288 = -2*y. Let n = 329 + y. What is the units digit of n?
5
Let z(j) = 4147*j**2 + 61*j - 61. What is the units digit of z(1)?
7
Let t(r) = 687*r**2 - 50*r + 3. What is the hundreds digit of t(-2)?
8
Suppose -3*z + 5*m + 581 = 0, 4*z - 766 = -0*z - 2*m. Suppose -z = -6*a + 3*a. What is the tens digit of a?
6
Suppose 0 = -4*d + o - 28, 3*o + 5 = 17. Let c(x) = -7*x - 5*x**2 + 6 + x + 4*x - x**3 - 3 + 4. What is the units digit of c(d)?
5
Let q(a) = a - 8. Suppose -25 = -3*x - 10. Suppose -x = 2*f - 23. What is the units digit of q(f)?
1
Suppose 29*n - 17085 = 20441. What is the thousands digit of n?
1
Let p = -10 + 15. Suppose 0*d - 5 = d + 2*x, -d + 2*x + 15 = 0. Suppose -d*t + p*a = 3*a - 77, 0 = -t + 4*a + 1. What is the tens digit of t?
1
Suppose 4*n - 7 = -3*k - 2*k, -5*k = 3*n - 4. Let g be ((-30)/24)/(4/(-736)). Suppose f - n*j = 55, -3*f - j = 3*j - g. What is the units digit of f?
0
Let u = -519 - -940. What is the units digit of u?
1
Suppose 169*f = 161*f + 1824. What is the units digit of f?
8
Let o(u) be the third derivative of 0 + 1/12*u**4 - 2/3*u**3 + 1/60*u**5 - u**2 + 0*u. What is the units digit of o(2)?
4
Let m be (-3 - -4) + (-2 - -3). Suppose 0 = -m*g - 0*g + 3*k + 118, 4 = -k. What is the tens digit of g?
5
Suppose -g - 3 = 5*q - 3*q, 0 = -2*g + 5*q - 6. What is the units digit of (-376)/(-6) + (8/g - -2)?
2
Suppose -2*z + 10 = 2*b, -2*b + z = -11 + 1. What is the units digit of (-1)/b + 84/(-40)*-2?
4
Let p(n) = 64*n - 181. What is the tens digit of p(4)?
7
Suppose -10*t + 130 = -5*t. Let j = -26 + t. Suppose i + 3*l - 8 = j, 5*i + 4*l + 16 - 56 = 0. What is the units digit of i?
8
Let m = 22 + -35. What is the units digit of m*(3 - 4)*8?
4
Suppose 5*u = -41 - 199. Let o = 55 + u. What is the units digit of o?
7
Let q be 4/((-4)/(-10)*-1). Let w = q + 24. Let b = w + 0. What is the tens digit of b?
1
Let g = 309 + 80. What is the hundreds digit of g?
3
Let l(u) = 4*u**2 + 8*u + 3. Suppose 7*b - 4*b - 93 = 0. Suppose -6 = -5*x - b. What is the tens digit of l(x)?
6
Suppose 3*k - 2*a = 3751 - 782, -3*a - 4948 = -5*k. What is the units digit of k?
9
Let r be (-2)/(-3) + 8/(-12). Suppose r = -3*f + 28 + 2. Let g = 13 + f. What is the units digit of g?
3
Let b(z) = 6*z**2 + 2*z - 7*z - 2 - z + z**3. Let j be b(-7). What is the units digit of (-3)/(4/(84/j))?
7
Suppose 5*a = -4*c + 2*c + 15, 2*a = 2*c + 6. Suppose 55 + c = 5*y. What is the tens digit of y?
1
Let l = -15 - 0. Let j = 26 + l. What is the tens digit of (10/(-4))/(j/(-264))?
6
Let z = -178 + 1425. What is the tens digit of z?
4
Let o = 7 - 3. What is the units digit of (6/o)/(2/88)?
6
Let y = -74 - -90. What is the units digit of y?
6
Suppose 0*o - 10 = -5*o. Suppose o*g + 2*p = -1490, 0*g = 5*g - p + 3725. What is the tens digit of (-2)/7 - g/35?
2
What is the hundreds digit of 79782/78 + (-22)/(-143)?
0
Let i = 101 + -91. Suppose i*n = 13*n - 411. What is the hundreds digit of n?
1
Let z be (3/6)/(3/(-228)). Let o = z - -63. What is the units digit of o?
5
Let a be ((-2)/(-4))/((-17)/(-68)). Suppose 0 = -4*n, -a*n + 318 - 20 = 2*t. What is the hundreds digit of t?
1
Let u be (-1068)/(-2 - 4/(-8)). Suppose -3*k - u = -11*k. What is the tens digit of k?
8
Suppose -3*h + 53 = -31. Suppose 0 = 4*j - z - 60, 2*z + h - 6 = j. What is the units digit of j?
4
Let w(s) = 2*s**2 - 2*s - 7. What is the units digit of w(-14)?
3
Let b be (-25)/(-4) + 3/4. Suppose -2*l - 420 = -b*l. Let t = l + -53. What is the tens digit of t?
3
Let b(y) be the second derivative of 5*y**3/6 + 16*y**2 - 19*y. What is the tens digit of b(3)?
4
Let y be 7/(-1)*(-8)/14. Suppose 0 = -s + 5*r + 60 + 44, 0 = 4*s - y*r - 352. What is the tens digit of s?
8
Let g be ((-18)/8)/(3/(-12)). Let r = g - 4. Suppose 99 = r*a - 2*l, a = -l - 1 + 18. What is the units digit of a?
9
Suppose q - 1 = 3*n, 4*q - 5*n = 38 - 13. Let c = 28 - q. Suppose 0 = -g - 15 + c. What is the units digit of g?
3
What is the hundreds digit of (-2678)/(-6) - 6/(-9)?
4
Suppose 9891 = 12*n - 3*n. What is the units digit of n?
9
Suppose 5*n = 11992 + 9188. What is the hundreds digit of n?
2
Let p = -1476 - -2998. What is the hundreds digit of p?
5
Suppose 4*v + 4*i = 20, i + i = 2*v - 6. What is the tens digit of (-2448)/(-56) + v/14?
4
Let o(j) = 1 - 4 + 9*j + j**3 + 0 - 7*j**2. What is the tens digit of o(7)?
6
Let a(y) = 2*y**2 + 8*y - 6. Let j be (1/(-2) + 0)/(1/14). What is the tens digit of a(j)?
3
Suppose 3*d + 60 = 2*b, -5 = -3*b + 4. Let w = d + 20. Suppose 0 = -w*u + u - 3, 21 = 3*h - 2*u. What is the units digit of h?
5
Let x(g) = -g**3 - 25*g**2 - 2. Let u be x(-25). What is the hundreds digit of (u + 6/9)/((-8)/828)?
1
Let o(i) = 11*i - 17. Let h be o(5). Suppose 4*p + 17 + 3 = -5*b, -3*b = -5*p + 12. Suppose p = -3*d + 97 + h. What is the tens digit of d?
4
Suppose 108 = -0*a - 5*a + h, -5*a - 5*h = 90. What is the units digit of 7/(a/6) + 32?
0
Let m(y) = -y**3 - 6*y**2 - 2*y + 5. Let c be m(-2). Let g(r) = 5*r + 8. Let o(f) = 5*f + 8. Let q(k) = -4*g(k) + 3*o(k). What is the units digit of q(c)?
7
Let u(j) = 43*j + 174. What is the tens digit of u(3)?
0
Let g(s) = 32*s**2 + 5*s - 4. What is the hundreds digit of g(-6)?
1
Let q(p) = 2*p - 16. Let t = -3 - -6. Suppose 0*v - 48 = -t*v. What is the tens digit of q(v)?
1
Let p(v) = 2*v**2 + 5*v + 7. Let u be p(-3). Let t be (-92)/(-20) - 6/u. Let c = t - -2. What is the units digit of c?
6
Let d(x) = -113*x - 975. What is the units digit of d(-11)?
8
Let f = -2 - -5. Suppose 3*y + f*r - 321 = 0, 2*y - 7*y + 547 = r. What is the hundreds digit of y?
1
Let z be 0*4/(24/(-3)). Let c(o) = -o**2 - 2*o + 3. Let w be c(z). Suppose -2*h - 68 = -2*q - 0, -q = w*h - 30. What is the units digit of q?
3
Suppose -3*c = 2*c. Suppose y = -c*y + 